{"id":234,"date":"2015-12-03T21:29:16","date_gmt":"2015-12-03T20:29:16","guid":{"rendered":"http:\/\/freewheels-ride.fr\/?page_id=234"},"modified":"2021-06-29T15:55:51","modified_gmt":"2021-06-29T14:55:51","slug":"latelier-mobile","status":"publish","type":"page","link":"http:\/\/freewheels-ride.fr\/?page_id=234","title":{"rendered":"L&rsquo;atelier FREEWHEELS"},"content":{"rendered":"<div align=\"justify\"><\/div>\n<div align=\"justify\"><\/div>\n<div align=\"justify\"><\/div>\n<div align=\"justify\"><\/div>\n<div align=\"justify\"><strong>L\u2019atelier mobile Free Wheels<\/strong> c\u2019est un atelier de 25m\u00b2 \u00e9quip\u00e9 d&rsquo;outillage professionnel.<\/div>\n<div align=\"justify\"><\/div>\n<div align=\"justify\">Vous offrant ainsi la possibilit\u00e9 de d\u00e9poser votre monture, de profiter de nos conseils afin de s\u2019assurer de la compatibilit\u00e9 des pi\u00e8ces avec votre v\u00e9lo et votre utilisation. De commander vos pi\u00e8ces et d\u2019assurer le montage dans le respect des pr\u00e9conisations constructeur.<\/div>\n<div align=\"justify\"><\/div>\n<div align=\"justify\"><\/div>\n<div align=\"justify\"><a href=\"http:\/\/freewheels-ride.fr\/?attachment_id=566\" rel=\"attachment wp-att-566\"><img loading=\"lazy\" decoding=\"async\" class=\"alignleft size-large wp-image-566\" src=\"http:\/\/freewheels-ride.fr\/wp-content\/uploads\/2015\/12\/DSC_0296r-1024x686.jpg\" alt=\"\" width=\"625\" height=\"419\" srcset=\"http:\/\/freewheels-ride.fr\/wp-content\/uploads\/2015\/12\/DSC_0296r-1024x686.jpg 1024w, http:\/\/freewheels-ride.fr\/wp-content\/uploads\/2015\/12\/DSC_0296r-300x201.jpg 300w, http:\/\/freewheels-ride.fr\/wp-content\/uploads\/2015\/12\/DSC_0296r-768x514.jpg 768w, http:\/\/freewheels-ride.fr\/wp-content\/uploads\/2015\/12\/DSC_0296r-624x418.jpg 624w, http:\/\/freewheels-ride.fr\/wp-content\/uploads\/2015\/12\/DSC_0296r.jpg 1549w\" sizes=\"auto, (max-width: 625px) 100vw, 625px\" \/><\/a><\/div>\n<div align=\"justify\"><\/div>\n<div align=\"justify\"><\/div>\n<div align=\"justify\">\u00a0<a href=\"http:\/\/freewheels-ride.fr\/?attachment_id=529\" rel=\"attachment wp-att-529\"><img loading=\"lazy\" decoding=\"async\" class=\"alignleft size-full wp-image-529\" src=\"http:\/\/freewheels-ride.fr\/wp-content\/uploads\/2015\/12\/illusfermatelier.jpg\" alt=\"\" width=\"960\" height=\"716\" srcset=\"http:\/\/freewheels-ride.fr\/wp-content\/uploads\/2015\/12\/illusfermatelier.jpg 960w, http:\/\/freewheels-ride.fr\/wp-content\/uploads\/2015\/12\/illusfermatelier-300x224.jpg 300w, http:\/\/freewheels-ride.fr\/wp-content\/uploads\/2015\/12\/illusfermatelier-768x573.jpg 768w, http:\/\/freewheels-ride.fr\/wp-content\/uploads\/2015\/12\/illusfermatelier-624x465.jpg 624w\" sizes=\"auto, (max-width: 960px) 100vw, 960px\" \/><\/a><\/div>\n<div align=\"justify\"><\/div>\n","protected":false},"excerpt":{"rendered":"<p>L\u2019atelier mobile Free Wheels c\u2019est un atelier de 25m\u00b2 \u00e9quip\u00e9 d&rsquo;outillage professionnel. Vous offrant ainsi la possibilit\u00e9 de d\u00e9poser votre monture, de profiter de nos conseils afin de s\u2019assurer de la compatibilit\u00e9 des pi\u00e8ces avec votre v\u00e9lo et votre utilisation. De commander vos pi\u00e8ces et d\u2019assurer le montage dans le respect des pr\u00e9conisations constructeur. \u00a0<\/p>\n","protected":false},"author":1,"featured_media":0,"parent":0,"menu_order":0,"comment_status":"closed","ping_status":"open","template":"","meta":{"footnotes":""},"class_list":["post-234","page","type-page","status-publish","hentry"],"_links":{"self":[{"href":"http:\/\/freewheels-ride.fr\/index.php?rest_route=\/wp\/v2\/pages\/234","targetHints":{"allow":["GET"]}}],"collection":[{"href":"http:\/\/freewheels-ride.fr\/index.php?rest_route=\/wp\/v2\/pages"}],"about":[{"href":"http:\/\/freewheels-ride.fr\/index.php?rest_route=\/wp\/v2\/types\/page"}],"author":[{"embeddable":true,"href":"http:\/\/freewheels-ride.fr\/index.php?rest_route=\/wp\/v2\/users\/1"}],"replies":[{"embeddable":true,"href":"http:\/\/freewheels-ride.fr\/index.php?rest_route=%2Fwp%2Fv2%2Fcomments&post=234"}],"version-history":[{"count":17,"href":"http:\/\/freewheels-ride.fr\/index.php?rest_route=\/wp\/v2\/pages\/234\/revisions"}],"predecessor-version":[{"id":567,"href":"http:\/\/freewheels-ride.fr\/index.php?rest_route=\/wp\/v2\/pages\/234\/revisions\/567"}],"wp:attachment":[{"href":"http:\/\/freewheels-ride.fr\/index.php?rest_route=%2Fwp%2Fv2%2Fmedia&parent=234"}],"curies":[{"name":"wp","href":"https:\/\/api.w.org\/{rel}","templated":true}]}}