{"id":252,"date":"2015-12-03T22:49:04","date_gmt":"2015-12-03T21:49:04","guid":{"rendered":"http:\/\/freewheels-ride.fr\/?page_id=252"},"modified":"2015-12-03T22:50:34","modified_gmt":"2015-12-03T21:50:34","slug":"tarif-pistes","status":"publish","type":"page","link":"http:\/\/freewheels-ride.fr\/?page_id=252","title":{"rendered":"Tarif Pistes"},"content":{"rendered":"<ul>\n<li>\n<h3>Cr\u00e9ation de piste BMX :<\/h3>\n<\/li>\n<\/ul>\n<p>La prestation comprend l&rsquo;\u00e9tude et la conception de la piste, ainsi que le suivi et la r\u00e9alisation du projet.<\/p>\n<p style=\"text-align: justify;\"><a href=\"http:\/\/freewheels-ride.fr\/?page_id=109\" target=\"_blank\">Contactez moi<\/a> afin de d\u00e9finir l\u2019ampleur de votre projet et \u00e9tablir un devis pr\u00e9cis adapt\u00e9 \u00e0 vos besoins.<\/p>\n<p>&nbsp;<\/p>\n","protected":false},"excerpt":{"rendered":"<p>Cr\u00e9ation de piste BMX : La prestation comprend l&rsquo;\u00e9tude et la conception de la piste, ainsi que le suivi et la r\u00e9alisation du projet. Contactez moi afin de d\u00e9finir l\u2019ampleur de votre projet et \u00e9tablir un devis pr\u00e9cis adapt\u00e9 \u00e0 vos besoins. &nbsp;<\/p>\n","protected":false},"author":1,"featured_media":0,"parent":0,"menu_order":0,"comment_status":"closed","ping_status":"closed","template":"","meta":{"footnotes":""},"class_list":["post-252","page","type-page","status-publish","hentry"],"_links":{"self":[{"href":"http:\/\/freewheels-ride.fr\/index.php?rest_route=\/wp\/v2\/pages\/252","targetHints":{"allow":["GET"]}}],"collection":[{"href":"http:\/\/freewheels-ride.fr\/index.php?rest_route=\/wp\/v2\/pages"}],"about":[{"href":"http:\/\/freewheels-ride.fr\/index.php?rest_route=\/wp\/v2\/types\/page"}],"author":[{"embeddable":true,"href":"http:\/\/freewheels-ride.fr\/index.php?rest_route=\/wp\/v2\/users\/1"}],"replies":[{"embeddable":true,"href":"http:\/\/freewheels-ride.fr\/index.php?rest_route=%2Fwp%2Fv2%2Fcomments&post=252"}],"version-history":[{"count":2,"href":"http:\/\/freewheels-ride.fr\/index.php?rest_route=\/wp\/v2\/pages\/252\/revisions"}],"predecessor-version":[{"id":256,"href":"http:\/\/freewheels-ride.fr\/index.php?rest_route=\/wp\/v2\/pages\/252\/revisions\/256"}],"wp:attachment":[{"href":"http:\/\/freewheels-ride.fr\/index.php?rest_route=%2Fwp%2Fv2%2Fmedia&parent=252"}],"curies":[{"name":"wp","href":"https:\/\/api.w.org\/{rel}","templated":true}]}}