{"id":85,"date":"2014-03-08T22:17:29","date_gmt":"2014-03-08T21:17:29","guid":{"rendered":"http:\/\/freewheels-ride.fr\/?page_id=85"},"modified":"2014-03-09T00:23:32","modified_gmt":"2014-03-08T23:23:32","slug":"realisation-suivi","status":"publish","type":"page","link":"http:\/\/freewheels-ride.fr\/?page_id=85","title":{"rendered":"R\u00e9alisation \/ Suivi des travaux*"},"content":{"rendered":"<p>Je me rend sur place lors de cette seconde \u00e9tape de la r\u00e9alisation de votre projet, et veille \u00e0:<\/p>\n<p>&nbsp;<\/p>\n<div>\n<ul>\n<li>Vous assister lors du piquetage du terrain en vue de\u00a0respecter les dimensions sur plan.<span style=\"line-height: 1.5em;\">\u00a0<\/span><\/li>\n<\/ul>\n<\/div>\n<div>\n<ul>\n<li>Guider le pelleteur lors de la mise en forme\u00a0 des obstacles, dans le respect des profils con\u00e7us\u00a0pr\u00e9alablement.<span style=\"line-height: 1.5em;\">\u00a0<\/span><\/li>\n<\/ul>\n<figure id=\"attachment_101\" aria-describedby=\"caption-attachment-101\" style=\"width: 672px\" class=\"wp-caption aligncenter\"><a href=\"http:\/\/freewheels-ride.fr\/wp-content\/uploads\/2014\/03\/76114_389256837870361_334257397_n.jpg\"><img loading=\"lazy\" decoding=\"async\" class=\" wp-image-101 \" alt=\"d\u00e9finition de la courbe d'un obstacle\" src=\"http:\/\/freewheels-ride.fr\/wp-content\/uploads\/2014\/03\/76114_389256837870361_334257397_n.jpg\" width=\"672\" height=\"504\" srcset=\"http:\/\/freewheels-ride.fr\/wp-content\/uploads\/2014\/03\/76114_389256837870361_334257397_n.jpg 960w, http:\/\/freewheels-ride.fr\/wp-content\/uploads\/2014\/03\/76114_389256837870361_334257397_n-300x225.jpg 300w\" sizes=\"auto, (max-width: 672px) 100vw, 672px\" \/><\/a><figcaption id=\"caption-attachment-101\" class=\"wp-caption-text\"><em>d\u00e9finition de la courbe d&rsquo;un obstacle<\/em><\/figcaption><\/figure>\n<p>&nbsp;<\/p>\n<\/div>\n<div>\n<ul>\n<li>Assurer la finition des obstacles\u00a0 (forme d\u00e9finitive,\u00a0pose du rev\u00eatement).<\/li>\n<\/ul>\n<figure id=\"attachment_102\" aria-describedby=\"caption-attachment-102\" style=\"width: 672px\" class=\"wp-caption aligncenter\"><a href=\"http:\/\/freewheels-ride.fr\/wp-content\/uploads\/2014\/03\/1236016_389256891203689_514617038_n.jpg\"><img loading=\"lazy\" decoding=\"async\" class=\" wp-image-102 \" alt=\"Pose du rev\u00eatement sur les obstacles, couche de finition.\" src=\"http:\/\/freewheels-ride.fr\/wp-content\/uploads\/2014\/03\/1236016_389256891203689_514617038_n.jpg\" width=\"672\" height=\"504\" srcset=\"http:\/\/freewheels-ride.fr\/wp-content\/uploads\/2014\/03\/1236016_389256891203689_514617038_n.jpg 960w, http:\/\/freewheels-ride.fr\/wp-content\/uploads\/2014\/03\/1236016_389256891203689_514617038_n-300x225.jpg 300w\" sizes=\"auto, (max-width: 672px) 100vw, 672px\" \/><\/a><figcaption id=\"caption-attachment-102\" class=\"wp-caption-text\"><em>Pose du rev\u00eatement sur les obstacles, couche de finition.<\/em><\/figcaption><\/figure>\n<p>&nbsp;<\/p>\n<\/div>\n<div><\/div>\n<div><\/div>\n<div>\n<p><em>*Les services de terrassement et la fourniture de mat\u00e9riaux ne sont pas inclus dans cette prestation.<\/em><\/p>\n<\/div>\n","protected":false},"excerpt":{"rendered":"<p>Je me rend sur place lors de cette seconde \u00e9tape de la r\u00e9alisation de votre projet, et veille \u00e0: &nbsp; Vous assister lors du piquetage du terrain en vue de\u00a0respecter les dimensions sur plan.\u00a0 Guider le pelleteur lors de la mise en forme\u00a0 des obstacles, dans le respect des profils con\u00e7us\u00a0pr\u00e9alablement.\u00a0 &nbsp; Assurer la finition [&hellip;]<\/p>\n","protected":false},"author":1,"featured_media":0,"parent":0,"menu_order":0,"comment_status":"open","ping_status":"open","template":"","meta":{"footnotes":""},"class_list":["post-85","page","type-page","status-publish","hentry"],"_links":{"self":[{"href":"http:\/\/freewheels-ride.fr\/index.php?rest_route=\/wp\/v2\/pages\/85","targetHints":{"allow":["GET"]}}],"collection":[{"href":"http:\/\/freewheels-ride.fr\/index.php?rest_route=\/wp\/v2\/pages"}],"about":[{"href":"http:\/\/freewheels-ride.fr\/index.php?rest_route=\/wp\/v2\/types\/page"}],"author":[{"embeddable":true,"href":"http:\/\/freewheels-ride.fr\/index.php?rest_route=\/wp\/v2\/users\/1"}],"replies":[{"embeddable":true,"href":"http:\/\/freewheels-ride.fr\/index.php?rest_route=%2Fwp%2Fv2%2Fcomments&post=85"}],"version-history":[{"count":8,"href":"http:\/\/freewheels-ride.fr\/index.php?rest_route=\/wp\/v2\/pages\/85\/revisions"}],"predecessor-version":[{"id":148,"href":"http:\/\/freewheels-ride.fr\/index.php?rest_route=\/wp\/v2\/pages\/85\/revisions\/148"}],"wp:attachment":[{"href":"http:\/\/freewheels-ride.fr\/index.php?rest_route=%2Fwp%2Fv2%2Fmedia&parent=85"}],"curies":[{"name":"wp","href":"https:\/\/api.w.org\/{rel}","templated":true}]}}