{"id":87,"date":"2014-03-08T22:18:11","date_gmt":"2014-03-08T21:18:11","guid":{"rendered":"http:\/\/freewheels-ride.fr\/?page_id=87"},"modified":"2014-03-28T14:40:20","modified_gmt":"2014-03-28T13:40:20","slug":"projets-realises","status":"publish","type":"page","link":"http:\/\/freewheels-ride.fr\/?page_id=87","title":{"rendered":"projets r\u00e9alis\u00e9s"},"content":{"rendered":"<h4><span style=\"line-height: 1.5em;\">\u00a0<\/span><\/h4>\n<h3 style=\"padding-left: 30px; text-align: justify;\"><span style=\"color: #b3f40a;\">St l\u00e9ger des Bois (49)<\/span> : Cr\u00e9ation et r\u00e9alisation d&rsquo;une piste de BMX loisir suite \u00e0 un projet \u00e9manant du conseil municipal des enfants.<\/h3>\n<figure id=\"attachment_179\" aria-describedby=\"caption-attachment-179\" style=\"width: 900px\" class=\"wp-caption alignleft\"><a href=\"http:\/\/freewheels-ride.fr\/wp-content\/uploads\/2014\/03\/st-l\u00e9ger-1.jpg\"><img loading=\"lazy\" decoding=\"async\" class=\"size-full wp-image-179\" alt=\"piquetage du terrain\" src=\"http:\/\/freewheels-ride.fr\/wp-content\/uploads\/2014\/03\/st-l\u00e9ger-1.jpg\" width=\"900\" height=\"675\" srcset=\"http:\/\/freewheels-ride.fr\/wp-content\/uploads\/2014\/03\/st-l\u00e9ger-1.jpg 900w, http:\/\/freewheels-ride.fr\/wp-content\/uploads\/2014\/03\/st-l\u00e9ger-1-300x225.jpg 300w\" sizes=\"auto, (max-width: 900px) 100vw, 900px\" \/><\/a><figcaption id=\"caption-attachment-179\" class=\"wp-caption-text\"><em>piquetage du terrain &#8211; Free Wheels\u00a9 2010<\/em><\/figcaption><\/figure>\n<figure id=\"attachment_177\" aria-describedby=\"caption-attachment-177\" style=\"width: 900px\" class=\"wp-caption alignleft\"><a href=\"http:\/\/freewheels-ride.fr\/wp-content\/uploads\/2014\/03\/st-l\u00e9ger.jpg\"><img loading=\"lazy\" decoding=\"async\" class=\"size-full wp-image-177\" alt=\"finition des obstacles\" src=\"http:\/\/freewheels-ride.fr\/wp-content\/uploads\/2014\/03\/st-l\u00e9ger.jpg\" width=\"900\" height=\"675\" srcset=\"http:\/\/freewheels-ride.fr\/wp-content\/uploads\/2014\/03\/st-l\u00e9ger.jpg 900w, http:\/\/freewheels-ride.fr\/wp-content\/uploads\/2014\/03\/st-l\u00e9ger-300x225.jpg 300w\" sizes=\"auto, (max-width: 900px) 100vw, 900px\" \/><\/a><figcaption id=\"caption-attachment-177\" class=\"wp-caption-text\"><em>finition des obstacles &#8211; Free Wheels\u00a9 2010<\/em><\/figcaption><\/figure>\n<p>&nbsp;<\/p>\n<p>&nbsp;<\/p>\n<h3 style=\"padding-left: 30px; text-align: justify;\"><span style=\"color: #b3f40a;\">Saint Sylvain d&rsquo;Anjou (49)<\/span>\u00a0: Conception et r\u00e9alisation d&rsquo;une piste initiation en p\u00e9riph\u00e9rie du complexe du Bois de la Salle; en relation avec la \u00ab\u00a0liaison douce\u00a0\u00bb reliant Pellouailles et Saint Sylvain.<\/h3>\n<p>&nbsp;<\/p>\n<figure id=\"attachment_186\" aria-describedby=\"caption-attachment-186\" style=\"width: 900px\" class=\"wp-caption alignleft\"><a href=\"http:\/\/freewheels-ride.fr\/wp-content\/uploads\/2014\/03\/14.06.2011-001.jpg\"><img loading=\"lazy\" decoding=\"async\" class=\"size-full wp-image-186\" alt=\"talutage de la butte de d\u00e9part\" src=\"http:\/\/freewheels-ride.fr\/wp-content\/uploads\/2014\/03\/14.06.2011-001.jpg\" width=\"900\" height=\"675\" srcset=\"http:\/\/freewheels-ride.fr\/wp-content\/uploads\/2014\/03\/14.06.2011-001.jpg 900w, http:\/\/freewheels-ride.fr\/wp-content\/uploads\/2014\/03\/14.06.2011-001-300x225.jpg 300w\" sizes=\"auto, (max-width: 900px) 100vw, 900px\" \/><\/a><figcaption id=\"caption-attachment-186\" class=\"wp-caption-text\"><em>talutage de la butte de d\u00e9part &#8211; Free Wheels\u00a9 2011<\/em><\/figcaption><\/figure>\n<figure id=\"attachment_187\" aria-describedby=\"caption-attachment-187\" style=\"width: 900px\" class=\"wp-caption alignleft\"><a href=\"http:\/\/freewheels-ride.fr\/wp-content\/uploads\/2014\/03\/16.06.2011-018.jpg\"><img loading=\"lazy\" decoding=\"async\" class=\"size-full wp-image-187\" alt=\"rendu apr\u00e8s la pose du rev\u00eatement\" src=\"http:\/\/freewheels-ride.fr\/wp-content\/uploads\/2014\/03\/16.06.2011-018.jpg\" width=\"900\" height=\"675\" srcset=\"http:\/\/freewheels-ride.fr\/wp-content\/uploads\/2014\/03\/16.06.2011-018.jpg 900w, http:\/\/freewheels-ride.fr\/wp-content\/uploads\/2014\/03\/16.06.2011-018-300x225.jpg 300w\" sizes=\"auto, (max-width: 900px) 100vw, 900px\" \/><\/a><figcaption id=\"caption-attachment-187\" class=\"wp-caption-text\"><em>rendu apr\u00e8s la pose du rev\u00eatement &#8211; Free Wheels\u00a9 2011<\/em><\/figcaption><\/figure>\n<p>&nbsp;<\/p>\n<h3 style=\"padding-left: 30px; text-align: justify;\"><span style=\"color: #b3f40a;\">\u00a0Tilli\u00e8res (49)<\/span> : Conception et r\u00e9alisation d&rsquo;une \u00ab\u00a0mini\u00a0\u00bb piste sur un espace restreint. Projet \u00e9manant du conseil municipal des enfants, pr\u00e9sent\u00e9 et r\u00e9alis\u00e9 en concertation avec les enfants.<\/h3>\n<figure id=\"attachment_189\" aria-describedby=\"caption-attachment-189\" style=\"width: 900px\" class=\"wp-caption alignleft\"><a href=\"http:\/\/freewheels-ride.fr\/wp-content\/uploads\/2014\/03\/piquets.jpg\"><img loading=\"lazy\" decoding=\"async\" class=\"size-full wp-image-189\" alt=\"pr\u00e9paration du terrain\" src=\"http:\/\/freewheels-ride.fr\/wp-content\/uploads\/2014\/03\/piquets.jpg\" width=\"900\" height=\"675\" srcset=\"http:\/\/freewheels-ride.fr\/wp-content\/uploads\/2014\/03\/piquets.jpg 900w, http:\/\/freewheels-ride.fr\/wp-content\/uploads\/2014\/03\/piquets-300x225.jpg 300w\" sizes=\"auto, (max-width: 900px) 100vw, 900px\" \/><\/a><figcaption id=\"caption-attachment-189\" class=\"wp-caption-text\"><em>pr\u00e9paration du terrain &#8211; Free Wheels\u00a9 2012<\/em><\/figcaption><\/figure>\n<h3 style=\"padding-left: 30px;\"><span style=\"color: #b3f40a;\">Eyne (66)<\/span> : Etude de plans pour Joseph PAULY, g\u00e9rant de \u00a0<a style=\"font-size: 1.17em; line-height: 1.5em;\" href=\"http:\/\/www.ride-ability.com\/\" target=\"_blank\"><img loading=\"lazy\" decoding=\"async\" class=\" wp-image-199 alignnone\" alt=\"\" src=\"http:\/\/freewheels-ride.fr\/wp-content\/uploads\/2014\/03\/logo_rideability.png\" width=\"209\" height=\"77\" \/><\/a><\/h3>\n<h3><\/h3>\n<figure id=\"attachment_190\" aria-describedby=\"caption-attachment-190\" style=\"width: 900px\" class=\"wp-caption alignleft\"><a href=\"http:\/\/freewheels-ride.fr\/wp-content\/uploads\/2014\/03\/jo-cot\u00e9e.png\"><img loading=\"lazy\" decoding=\"async\" class=\"size-full wp-image-190\" alt=\"plan d'ensemble cot\u00e9\" src=\"http:\/\/freewheels-ride.fr\/wp-content\/uploads\/2014\/03\/jo-cot\u00e9e.png\" width=\"900\" height=\"440\" srcset=\"http:\/\/freewheels-ride.fr\/wp-content\/uploads\/2014\/03\/jo-cot\u00e9e.png 900w, http:\/\/freewheels-ride.fr\/wp-content\/uploads\/2014\/03\/jo-cot\u00e9e-300x146.png 300w\" sizes=\"auto, (max-width: 900px) 100vw, 900px\" \/><\/a><figcaption id=\"caption-attachment-190\" class=\"wp-caption-text\"><em>plan d&rsquo;ensemble cot\u00e9 &#8211; Free Wheels\u00a9 2013<\/em><\/figcaption><\/figure>\n<p>&nbsp;<\/p>\n<h3 style=\"padding-left: 30px;\">\u00a0<span style=\"color: #b3f40a;\">Saint Cl\u00e9ment de la Place (49)<\/span> : Conception et r\u00e9alisation d&rsquo;une piste BMX loisir, au sein du complexe sportif.<\/h3>\n<p>&nbsp;<\/p>\n<figure id=\"attachment_193\" aria-describedby=\"caption-attachment-193\" style=\"width: 900px\" class=\"wp-caption alignleft\"><a href=\"http:\/\/freewheels-ride.fr\/wp-content\/uploads\/2014\/03\/ensemble.jpg\"><img loading=\"lazy\" decoding=\"async\" class=\"size-full wp-image-193\" alt=\"vue d'ensemble - Free Wheels tous droits r\u00e9serv\u00e9s -\" src=\"http:\/\/freewheels-ride.fr\/wp-content\/uploads\/2014\/03\/ensemble.jpg\" width=\"900\" height=\"473\" srcset=\"http:\/\/freewheels-ride.fr\/wp-content\/uploads\/2014\/03\/ensemble.jpg 900w, http:\/\/freewheels-ride.fr\/wp-content\/uploads\/2014\/03\/ensemble-300x157.jpg 300w\" sizes=\"auto, (max-width: 900px) 100vw, 900px\" \/><\/a><figcaption id=\"caption-attachment-193\" class=\"wp-caption-text\"><em>vue d&rsquo;ensemble &#8211; Free Wheels\u00a9 2013 \u00a0<\/em><\/figcaption><\/figure>\n<p>&nbsp;<\/p>\n<p>&nbsp;<\/p>\n<h3>\u00a0<span style=\"color: #b3f40a;\">Avrill\u00e9 (49)<\/span> : R\u00e9fection et remise aux normes d&rsquo;une piste de comp\u00e9tition comprenant : une \u00e9tude de plans, modification de certains profils, \u00e9largissement, drainage et pose d&rsquo;un nouveau rev\u00eatement<\/h3>\n<p>&nbsp;<\/p>\n<figure id=\"attachment_205\" aria-describedby=\"caption-attachment-205\" style=\"width: 900px\" class=\"wp-caption alignleft\"><a href=\"http:\/\/freewheels-ride.fr\/wp-content\/uploads\/2014\/03\/a0.jpg\"><img loading=\"lazy\" decoding=\"async\" class=\"size-full wp-image-205\" alt=\"d\u00e9but des travaux\" src=\"http:\/\/freewheels-ride.fr\/wp-content\/uploads\/2014\/03\/a0.jpg\" width=\"900\" height=\"486\" srcset=\"http:\/\/freewheels-ride.fr\/wp-content\/uploads\/2014\/03\/a0.jpg 900w, http:\/\/freewheels-ride.fr\/wp-content\/uploads\/2014\/03\/a0-300x162.jpg 300w\" sizes=\"auto, (max-width: 900px) 100vw, 900px\" \/><\/a><figcaption id=\"caption-attachment-205\" class=\"wp-caption-text\"><em>d\u00e9but des travaux &#8211; Free Wheels\u00a9 2013<\/em><\/figcaption><\/figure>\n<p><em>\u00a0<\/em><\/p>\n<figure id=\"attachment_208\" aria-describedby=\"caption-attachment-208\" style=\"width: 900px\" class=\"wp-caption alignleft\"><a href=\"http:\/\/freewheels-ride.fr\/wp-content\/uploads\/2014\/03\/a3.jpg\"><img loading=\"lazy\" decoding=\"async\" class=\"size-full wp-image-208\" alt=\"\u00e9largissement et drainage\" src=\"http:\/\/freewheels-ride.fr\/wp-content\/uploads\/2014\/03\/a3.jpg\" width=\"900\" height=\"675\" srcset=\"http:\/\/freewheels-ride.fr\/wp-content\/uploads\/2014\/03\/a3.jpg 900w, http:\/\/freewheels-ride.fr\/wp-content\/uploads\/2014\/03\/a3-300x225.jpg 300w\" sizes=\"auto, (max-width: 900px) 100vw, 900px\" \/><\/a><figcaption id=\"caption-attachment-208\" class=\"wp-caption-text\"><em>\u00e9largissement et drainage &#8211; Free Wheels\u00a9 2013<\/em><\/figcaption><\/figure>\n<p>&nbsp;<\/p>\n<p>&nbsp;<\/p>\n<p>&nbsp;<\/p>\n<figure id=\"attachment_207\" aria-describedby=\"caption-attachment-207\" style=\"width: 720px\" class=\"wp-caption alignleft\"><a href=\"http:\/\/freewheels-ride.fr\/wp-content\/uploads\/2014\/03\/a2.jpg\"><img loading=\"lazy\" decoding=\"async\" class=\"size-full wp-image-207\" alt=\"pose de rev\u00eatement\" src=\"http:\/\/freewheels-ride.fr\/wp-content\/uploads\/2014\/03\/a2.jpg\" width=\"720\" height=\"960\" srcset=\"http:\/\/freewheels-ride.fr\/wp-content\/uploads\/2014\/03\/a2.jpg 720w, http:\/\/freewheels-ride.fr\/wp-content\/uploads\/2014\/03\/a2-225x300.jpg 225w\" sizes=\"auto, (max-width: 720px) 100vw, 720px\" \/><\/a><figcaption id=\"caption-attachment-207\" class=\"wp-caption-text\"><em>pose de rev\u00eatement &#8211; Free Wheels\u00a9 2013<\/em><\/figcaption><\/figure>\n<p>&nbsp;<\/p>\n<p>&nbsp;<\/p>\n<figure id=\"attachment_206\" aria-describedby=\"caption-attachment-206\" style=\"width: 900px\" class=\"wp-caption alignleft\"><a href=\"http:\/\/freewheels-ride.fr\/wp-content\/uploads\/2014\/03\/a1.jpg\"><img loading=\"lazy\" decoding=\"async\" class=\"size-full wp-image-206\" alt=\"rendu final\" src=\"http:\/\/freewheels-ride.fr\/wp-content\/uploads\/2014\/03\/a1.jpg\" width=\"900\" height=\"436\" srcset=\"http:\/\/freewheels-ride.fr\/wp-content\/uploads\/2014\/03\/a1.jpg 900w, http:\/\/freewheels-ride.fr\/wp-content\/uploads\/2014\/03\/a1-300x145.jpg 300w\" sizes=\"auto, (max-width: 900px) 100vw, 900px\" \/><\/a><figcaption id=\"caption-attachment-206\" class=\"wp-caption-text\"><em>rendu final &#8211; Free Wheels\u00a9 2013<\/em><\/figcaption><\/figure>\n<p>&nbsp;<\/p>\n<p>&nbsp;<\/p>\n","protected":false},"excerpt":{"rendered":"<p>\u00a0 St l\u00e9ger des Bois (49) : Cr\u00e9ation et r\u00e9alisation d&rsquo;une piste de BMX loisir suite \u00e0 un projet \u00e9manant du conseil municipal des enfants. &nbsp; &nbsp; Saint Sylvain d&rsquo;Anjou (49)\u00a0: Conception et r\u00e9alisation d&rsquo;une piste initiation en p\u00e9riph\u00e9rie du complexe du Bois de la Salle; en relation avec la \u00ab\u00a0liaison douce\u00a0\u00bb reliant Pellouailles et [&hellip;]<\/p>\n","protected":false},"author":1,"featured_media":0,"parent":0,"menu_order":0,"comment_status":"open","ping_status":"open","template":"","meta":{"footnotes":""},"class_list":["post-87","page","type-page","status-publish","hentry"],"_links":{"self":[{"href":"http:\/\/freewheels-ride.fr\/index.php?rest_route=\/wp\/v2\/pages\/87","targetHints":{"allow":["GET"]}}],"collection":[{"href":"http:\/\/freewheels-ride.fr\/index.php?rest_route=\/wp\/v2\/pages"}],"about":[{"href":"http:\/\/freewheels-ride.fr\/index.php?rest_route=\/wp\/v2\/types\/page"}],"author":[{"embeddable":true,"href":"http:\/\/freewheels-ride.fr\/index.php?rest_route=\/wp\/v2\/users\/1"}],"replies":[{"embeddable":true,"href":"http:\/\/freewheels-ride.fr\/index.php?rest_route=%2Fwp%2Fv2%2Fcomments&post=87"}],"version-history":[{"count":25,"href":"http:\/\/freewheels-ride.fr\/index.php?rest_route=\/wp\/v2\/pages\/87\/revisions"}],"predecessor-version":[{"id":211,"href":"http:\/\/freewheels-ride.fr\/index.php?rest_route=\/wp\/v2\/pages\/87\/revisions\/211"}],"wp:attachment":[{"href":"http:\/\/freewheels-ride.fr\/index.php?rest_route=%2Fwp%2Fv2%2Fmedia&parent=87"}],"curies":[{"name":"wp","href":"https:\/\/api.w.org\/{rel}","templated":true}]}}